rime number?
False
Is 275701 a composite number?
True
Is 40233797 a prime number?
True
Is 40499617 a prime number?
True
Is 732766 a composite number?
True
Is 118989881 a prime number?
False
Is 331591037 a composite number?
True
Is 70159 prime?
False
Is 115694849 a composite number?
False
Is 3449213 a prime number?
False
Is 18727433 a composite number?
False
Is 171132053 prime?
True
Is 596959 a prime number?
False
Is 13376239 composite?
False
Is 1441733 a composite number?
True
Is 7777781 a composite number?
True
Is 26727871 composite?
True
Is 7196122 a prime number?
False
Is 2301841 prime?
True
Is 2225371 a prime number?
True
Is 13289559 a prime number?
False
Is 868199 a composite number?
False
Is 1590340969 prime?
False
Is 2428931 composite?
False
Is 10006237 a prime number?
False
Is 523361 prime?
False
Is 613367441 a composite number?
True
Is 60533437 a prime number?
True
Is 82759657 composite?
False
Is 2709097 prime?
True
Is 1134123 a prime number?
False
Is 1724215 a prime number?
False
Is 61886651 a prime number?
False
Is 4501417 composite?
True
Is 163621709 composite?
True
Is 521809709 prime?
False
Is 11783669 composite?
True
Is 552631 prime?
False
Is 16395193 prime?
True
Is 49790993 a prime number?
False
Is 3164065 a composite number?
True
Is 442445579 prime?
False
Is 1199026 a prime number?
False
Is 7984741 prime?
False
Is 8887213 prime?
True
Is 51595393 composite?
True
Is 232546519 prime?
False
Is 7544741 a prime number?
False
Is 3802151 prime?
True
Is 1078435 prime?
False
Is 25379051 a composite number?
True
Is 68492561 a prime number?
True
Is 30055309 a prime number?
True
Is 686776022 composite?
True
Is 175203827 a prime number?
False
Is 133550549 a composite number?
True
Is 14355179 composite?
True
Is 82576097 prime?
True
Is 17379767 a composite number?
True
Is 2891209 a prime number?
False
Is 178661 a prime number?
False
Is 20594443 a prime number?
True
Is 10914427 composite?
False
Is 32795257 prime?
False
Is 200971 a composite number?
False
Is 5124943 a composite number?
False
Is 388295053 a composite number?
False
Is 5006831 prime?
True
Is 550409 a prime number?
False
Is 187456897 a composite number?
False
Is 18569533 a composite number?
True
Is 105455759 a prime number?
False
Is 16795549 composite?
False
Is 33398627 prime?
True
Is 521621 composite?
True
Is 9358669 composite?
True
Is 2307281 composite?
False
Is 73520159 a composite number?
True
Is 2931779 a prime number?
True
Is 194861729 a composite number?
False
Is 104188753 a prime number?
False
Is 22650227 composite?
False
Is 14420663 composite?
False
Is 187051079 prime?
False
Is 130271671 composite?
False
Is 6211159 a composite number?
False
Is 174793 prime?
False
Is 1124027 prime?
True
Is 4932022 composite?
True
Is 14548153 a composite number?
True
Is 449539 composite?
True
Is 365819885 prime?
False
Is 244248359 a prime number?
False
Is 25139573 a composite number?
True
Is 4443121 prime?
True
Is 23951 a composite number?
True
Is 441282997 a prime number?
True
Is 150729841 prime?
False
Is 88415993 prime?
True
Is 3939569 a prime number?
True
Is 103344817 prime?
False
Is 138808459 prime?
True
Is 38359357 prime?
True
Is 32277347 a prime number?
True
Is 12145507 a prime number?
False
Is 3278661 composite?
True
Is 4986407 a composite number?
False
Is 10823977 a composite number?
True
Is 97790543 a prime number?
True
Is 14198159 a prime number?
True
Is 31070359 composite?
True
Is 8293423 a composite number?
False
Is 13067099 a prime number?
True
Is 6953095 a composite number?
True
Is 17089627 composite?
False
Is 30729805 composite?
True
Is 75348859 a composite number?
False
Is 307070189 prime?
True
Is 3179123 a prime number?
False
Is 693307717 a prime number?
True
Is 181871569 prime?
False
Is 7548763 a prime number?
True
Is 5692551 a composite number?
True
Is 25653223 composite?
True
Is 20189707 prime?
True
Is 2307541 composite?
False
Is 1108049 composite?
False
Is 1181897 a prime number?
True
Is 14820029 prime?
False
Is 216698947 a prime number?
False
Is 4416463 prime?
False
Is 10020671 composite?
True
Is 32165363 composite?
True
Is 207329 a composite number?
False
Is 10203457 a prime number?
False
Is 7297813 prime?
True
Is 12254507 a prime number?
True
Is 80747531 composite?
True
Is 1146461 a prime number?
True
Is 233059799 composite?
True
Is 1390583 a prime number?
False
Is 77929 a prime number?
True
Is 121268438 prime?
False
Is 10908367 composite?
True
Is 413758 a composite number?
True
Is 2611111 a prime number?
True
Is 32211521 composite?
False
Is 7232759 a prime number?
True
Is 299881 a composite number?
False
Is 15733583 prime?
True
Is 1880428133 prime?
True
Is 4213967 prime?
False
Is 723713 composite?
True
Is 956831 a composite number?
False
Is 12302609 a prime number?
False
Is 67393609 a prime number?
True
Is 2691277 prime?
True
Is 123776435 a prime number?
False
Is 7616659 a composite number?
False
Is 174175127 prime?
False
Is 34257445 a composite number?
True
Is 105605603 a prime number?
False
Is 56476471 a composite number?
True
Is 776497 prime?
True
Is 152773183 a prime number?
True
Is 966449285 prime?
False
Is 120538051 composite?
True
Is 32097959 a composite number?
False
Is 480067633 a prime number?
True
Is 141971815 composite?
True
Is 5075491 composite?
False
Is 6092843 a composite number?
False
Is 64311659 composite?
False
Is 9317653 prime?
True
Is 6629723 prime?
False
Is 9652007 prime?
True
Is 50072537 prime?
False
Is 92276945 a composite number?
True
Is 2681713 composite?
False
Is 63515699 composite?
True
Is 27226729 a composite number?
False
Is 440056031 prime?
False
Is 6702205 prime?
False
Is 26730961 a prime number?
True
Is 16218331 composite?
False
Is 30817159 composite?
False
Is 129445639 a composite number?
True
Is 768441 a composite number?
True
Is 15177841 prime?
False
Is 253108441 a composite number?
True
Is 138002927 a composite number?
False
Is 12158147 a composite number?
True
Is 8147963 a composite number?
False
Is 4305955 a prime number?
False
Is 1620391 a prime number?
True
Is 657029 a prime number?
True
Is 13119199 prime?
False
Is 10830901 a composite number?
True
Is 30834503 composite?
True
Is 19987601 composite?
True
Is 136752797 a composite number?
True
Is 12687803 a prime number?
True
Is 885907 a composite number?
True
Is 2580167 a prime number?
True
Is 11557631 composite?
True
Is 20330179 prime?
False
Is 4795867 composite?
False
Is 22647491 prime?
True
Is 12523003 composite?
True
Is 30755809 composite?
True
Is 2904199 prime?
False
Is 1258505 a composite number?
True
Is 1012423 prime?
True
Is 224695085 prime?
False
Is 446657 a prime number?
True
Is 5406529 a prime number?
True
Is 24920767 prime?
False
Is 1925447015 a composite number?
True
Is 35255471 a composite number?
False
Is 16611281 a composite number?
False
Is 67546543 a composite number?
False
Is 13710547 prime?
True
Is 517547 a prime number?
True
Is 58636043 composite?
True
Is 18541307 a prime number?
False
Is 5434717 a prime number?
True
Is 4880509 a prime number?
False
Is 8023537 composite?
True
Is 47158439 prime?
False
Is 31194019 a composite number?
True
Is 45404213 composite?
False
Is 262963 composite?
True
Is 7178441 prime?
False
Is 7728293 a prime number?
True
Is 73516519 prime?
True
Is 1568599 composite?
False
Is 44930939 prime?
True
Is 29093557 composite?
False
Is 175504937 a composite number?
False
Is 16702939 prime?
False
Is 29667941 a composite number?
True
Is 11025857 a composite number?
True
Is 419651 a composite number?
False
Is 283408669 composite?
False
Is 170311529 a composite number?
False
Is 5115167 a prime number?
True
Is 647783 composite?
False
Is 122127 composite?
True
Is 30548153 a prime number?
False
Is 2518859 a composite number?
True
Is 6708895 composite?
True
Is 1212707 composite?
True
Is 2473847 composite?
True
Is 20706121 composite?
False
Is 13154993 a prime number?
False
Is 224251991 a prime number?
False
Is 472983263 a prime number?
True
Is 304160287 a prime number?
True
Is 76360187 composite?
True
Is 142949 a prime number?
True
Is 3746627 composite?
True
Is 46123861 a composite number?
True
Is 134421439 prime?
True
Is 9829081 a prime number?
True
Is 4371602 prime?
False
Is 45097847 composite?
True
Is 5036429 composite?
True
Is 1348751 prime?
Fa